the tens digit of z?
2
Let g be 34/9 - 2/(-9). Let b(u) = u**2 + 23 - 5 - 13*u**2 - 12 + 14*u**2. What is the units digit of b(g)?
8
Suppose -11349 = -n - 4*o, -5*n - 4*o + 34023 = -2*n. Suppose -n + 4207 = -31*x. What is the tens digit of x?
3
Let p(g) = 3*g**2 + 4*g. Let s = 185 - 122. Let z = s + -67. What is the tens digit of p(z)?
3
Let s(z) = 6*z**2 - 129*z - 276. What is the units digit of s(-44)?
6
Suppose -2*q = -5*y + 18043, -y - q = 314 - 3924. What is the thousands digit of y?
3
Let x be (-65)/(-20) + (-1)/4. Suppose 0*d = x*d - 3*z - 681, 3*z = -d + 227. What is the hundreds digit of d?
2
Let n be 3/(-1) - (-8 + -2). Suppose n*k - 3385 = -172. What is the tens digit of k?
5
Suppose -6987*i + 509152 = -6959*i. What is the thousands digit of i?
8
Suppose 3*r + f - 3457 = 0, -5*f + 1435 + 3156 = 4*r. Suppose 5*v + 1311 = 5*g - r, -2*v = -4. What is the hundreds digit of g?
4
Suppose v + 5 = 3*v - n, -4*v + 15 = -3*n. What is the tens digit of ((-2628)/(-72))/(v + 1/14)?
1
Let h = -63366 + 120753. What is the tens digit of h?
8
Let w(k) = -k - 19. Let q be w(-15). Let o(d) = 11*d + 23. Let c(l) = 11*l + 22. Let y(f) = q*c(f) + 3*o(f). What is the units digit of y(-15)?
6
Suppose 259*q - 2203615 - 1176369 - 625192 = 0. What is the units digit of q?
4
Let l(s) = -21*s**2 - 12*s - 46. Let i be l(-8). Let u = i + 1960. What is the units digit of u?
6
Let y(g) = 3883*g**2 - 86*g - 90. What is the tens digit of y(-1)?
7
Suppose -9870 = -6*x + 3*x. Suppose -5*k - 2*u = -5*u - 3320, 3*u - x = -5*k. Suppose -4*g + k = 5*a, 2*g + 4*a + 616 = 6*g. What is the hundreds digit of g?
1
Suppose 14*q = -9965 + 28893. What is the units digit of 87/(-174)*q/(-2)?
8
Suppose 0 = -2*k - 15*r + 20*r + 2000, -4*k + 4030 = 5*r. Let n = k + -718. What is the tens digit of n?
8
Let k = -215 - 125. Let f = k + 115. Let s = -90 - f. What is the hundreds digit of s?
1
Suppose -330*n + 16088206 = -11*n + 5072817. What is the hundreds digit of n?
5
Let o(a) = a**2 - 8*a + 1. Let q be o(6). Let f = q - 36. Let g = 112 + f. What is the units digit of g?
5
Suppose -12*f + 326 + 322 = 0. Suppose 5*v = -3*h - 7, -6*v - 10 = -3*v - 4*h. Let z = v + f. What is the units digit of z?
2
Suppose -623*v + 624*v - 3472 = -2*k, 2*v - 6949 = k. What is the thousands digit of v?
3
Suppose -5*s + 45010 = 4*c, 0 = -442*c + 440*c + 10. What is the thousands digit of s?
8
Suppose -o - 36814 = -3*v, -733*v - 3*o = -737*v + 49077. What is the units digit of v?
3
Let i = 31064 + -22071. What is the thousands digit of i?
8
Suppose 5*l + u - 6 = 14, -4*u - 25 = -l. Let v be 1 + (28*-1)/(-2). Suppose 4*p + 69 = d, -l*p + 2*p = v. What is the tens digit of d?
4
Let n(z) = 4*z**2 - 8*z - 26. Suppose 0 = -3*g + 5*i - 237, -4*g - 3*i + 6*i = 316. Let w = 73 + g. What is the units digit of n(w)?
6
Suppose -2*n = 5*w + 18 - 9843, 4*n = 2*w + 19710. What is the hundreds digit of n?
9
Let t be (-1)/((-5)/(-25)*(-10)/8). Suppose 2*o - t*u = 940, u = 8*o - 9*o + 458. What is the tens digit of o?
6
Let i(z) = -73*z**3 - 38*z**2 - 183*z + 7. What is the units digit of i(-5)?
7
Let g(c) = 62*c**2 - 1717*c + 49. What is the hundreds digit of g(30)?
3
Let d(c) = -2*c**3 - c**2 - 22*c + 207. What is the thousands digit of d(-17)?
0
Suppose 8*z - 439 + 7 = 0. What is the tens digit of z/(-135) - (-17586)/15?
7
Let z(m) = -m**3 + 40*m**2 + 191*m - 62. What is the tens digit of z(44)?
9
Suppose 28*x - 9 = 75. Suppose -4*i + 2063 = x*n, -3*n - 2*n = -2*i + 999. What is the hundreds digit of i?
5
What is the tens digit of (13244/(-385))/(-1 + 563/565)?
1
Suppose 0 = 5*t + 3*n - 9, 6*t + 5*n - 15 = 3*t. Suppose -m + 95 = 3*h, t*m - m = -2*h - 90. What is the units digit of m?
2
Let j = 647 + -643. Suppose -j*t = 635 - 5479. What is the thousands digit of t?
1
Let f(s) = -490*s - 10. Let p = -410 + 409. What is the tens digit of f(p)?
8
Let c be (276/230)/((-1)/330). Let z = -175 - c. What is the hundreds digit of z?
2
Let q = 42 + -39. Suppose 7 = f - q. What is the hundreds digit of f/(-45) + 920/9?
1
Let w be ((-1)/3)/((-4)/48). Suppose s - 4*u = 164, -2*u + 767 = 5*s - 75. Suppose -80 = -w*n + s. What is the units digit of n?
2
Let x = -4 + 7. Let a(b) = -352 + 353 + 6*b + b**3 - 2*b**2 - 4*b. What is the units digit of a(x)?
6
Let f(q) be the third derivative of -5*q**4/24 - 25*q**3/6 - 82*q**2. What is the tens digit of f(-23)?
9
What is the tens digit of (-11 + -3)/(9 - 74824/8312) - -2?
7
What is the units digit of -2*(-8)/(64/33432)?
8
Let k(a) = 86*a**3 + 10*a**2 + 10*a - 3. Let t(d) = 87*d**3 + 12*d**2 + 12*d - 4. Let u(p) = -4*k(p) + 3*t(p). What is the tens digit of u(-2)?
5
Let a = -852 + 415. Let v = 723 + a. What is the tens digit of v?
8
Let l(k) = 56*k**2 + 14*k - 3. Suppose 55 = 28*b - 29. What is the units digit of l(b)?
3
Let q = 91 - 85. Let f be 4/q + 8/24 + 1. Suppose -2*h - 2*m - 760 = -5*h, 8 = f*m. What is the tens digit of h?
5
Suppose 11*q + 0 = -33. What is the tens digit of ((-2408)/20)/((-5)/(-75)*q)?
0
Suppose -26421 - 5259 = -16*h. Let x = -582 + h. What is the hundreds digit of x?
3
What is the hundreds digit of ((-4)/(-2) - 0)*(-229268)/(-56)*7?
3
Let c(t) = -6*t**3 - 81*t**2 - 14*t + 21. Let m be c(-14). Suppose -5*f = -15, -7 = 3*r + 2*f - m. What is the hundreds digit of r?
2
Let k be 18/4 - 8/16. Suppose 5*b - 1663 = -4*l, k*b - 3 - 1243 = -3*l. What is the units digit of l?
2
Suppose 11*z = 7*z + 124. Suppose -i = -z + 26. Suppose 0 = y - i*u - 80, -5*u + 0*u - 140 = -2*y. What is the tens digit of y?
6
Suppose 20*w + 2201 = -39. Let a = w + 188. What is the tens digit of a?
7
Suppose -1116 = -2*p - 5*t, 755 = -4*p + 4*t + 2931. Let u = -329 + p. What is the units digit of u?
9
Suppose 28*u - 56 = 14*u. Suppose 276 = u*v - 4*z + z, 4*z = -3*v + 207. What is the units digit of v?
9
Let o(m) = 327*m**2 - 26*m - 118. What is the units digit of o(-8)?
8
Let c = 46 + -13. Let f = c + -39. Let z = f - -60. What is the units digit of z?
4
Let z(m) = 2*m + 100. Let p be (-1 + 8)*((8 - 2) + -4). Let y be p/(-105) + (-1)/(30/(-4)). What is the tens digit of z(y)?
0
Suppose -42*z - 1061270 = -56*z. What is the units digit of z?
5
Suppose -19298 - 156589 = -34*p + 433155. What is the units digit of p?
3
Suppose -3*p - a - a + 7 = 0, 0 = -4*p - 4*a + 8. Let l(m) = -4 + 20 + 5 + 5*m + 4. What is the units digit of l(p)?
0
Let h be (66/(-5))/((-12)/80). Suppose 7*x = 11*x - 632. Let t = x - h. What is the units digit of t?
0
Suppose -3402 = -5*i - 292. Let z = i + -160. What is the units digit of z?
2
Let h(t) = -t - 26. Let c be h(-26). Suppose c = 2*l + v - 9, 4 + 2 = -3*l + 5*v. What is the units digit of -2 + 163 - 12/(-9)*l?
5
What is the tens digit of (-6)/16 + -400935*1/(-40)?
2
Let b(h) = 3854*h**2 + 19*h + 10. What is the tens digit of b(-1)?
4
Suppose -5*w = -5*h + 280, -2*h - 2*h - 4*w + 248 = 0. Let f = 3 + h. Suppose -4*g = -2*g - f. What is the units digit of g?
1
Let o be (8/10)/(-6 + 2076/345). Let i = o - -147. What is the units digit of i?
3
Let h(o) = -1706*o - 3587. What is the tens digit of h(-8)?
6
Let o(v) = -v**3 + 4*v**2 + v + 22. Let j(u) = -u**2 - 7*u + 5. Let x be j(-7). Let r be o(x). Suppose r*l = 5*l - 84. What is the tens digit of l?
2
What is the units digit of 10 - -4939 - (5 + -11 + 11)?
4
Suppose 0*t - 4 = -2*t, 2*p = 7*t + 13034. What is the thousands digit of p?
6
Suppose -56*k = -58*k - z + 13030, 3*k - 5*z - 19558 = 0. What is the tens digit of k?
1
Suppose -69975 = -9*g + 8577. What is the units digit of g?
8
Let l(a) = -535*a - 8106. What is the thousands digit of l(-59)?
3
What is the units digit of 20653 - (-1 - (-10 + 9))/(-2)?
3
Let v be 10/15*2298/(-4). Let s = 657 + v. What is the units digit of s?
4
Suppose -89*a + 640916 = -38*a + 112*a. What is the thousands digit of a?
3
Let r(m) = -4*m**3 - 229*m - 9*m**2 + 7 - 18 + 241*m. What is the hundreds digit of r(-6)?
4
Suppose -2094 - 2034 = -8*h. Let d = -234 + h. What is the tens digit of d?
8
Let n = 394 - 392. Suppose 0 = -2*d - n*c + 1984, 5*c + 701 = 4*d - 3303. What is the units digit of d?
6
Suppose 0 = -4*b - 7 - 1. What is the tens digit of b/(-4)*8 + 744 + 3?
5
Let h(a) = 4*a**2 - 3*a - 3. Let g be h(-1). Let u be 1/(g/7 - 37/77). Suppose 4*j = 17 + u. What is the units digit of